{"id":2950,"date":"2024-02-01T00:09:10","date_gmt":"2024-01-31T23:09:10","guid":{"rendered":"https:\/\/enricoriolc13.sg-host.com\/producte\/julivert-mallorqui\/"},"modified":"2026-04-28T11:22:18","modified_gmt":"2026-04-28T09:22:18","slug":"perejil-mallorquin","status":"publish","type":"product","link":"https:\/\/varietatslocals.org\/es\/producte\/julivert-mallorqui\/","title":{"rendered":"Perejil mallorqu\u00edn"},"content":{"rendered":"<p><strong>\u00bfC\u00f3mo es?<\/strong><\/p>\n<p>El <strong>Perejil mallorqu\u00edn<\/strong> tiene la hoja peque\u00f1a y terminada en punta. Tiene muchas cualidades organol\u00e9pticas. Se utiliza en la cocina como planta arom\u00e1tica.<\/p>\n<p><strong>\u00bfCu\u00e1ndo y c\u00f3mo se siembra?<\/strong><\/p>\n<p>Se<strong> siembra en paradas o enjambres desde mediados de agosto hasta mediados de febrero<\/strong>.<\/p>\n<p><strong>\u00bfQu\u00e9 cantidad de semilla hay en el sobre?<\/strong><\/p>\n<p><strong>Peso del sobre<\/strong>: 1,3 g. Aproximadamente 565 unidades.<\/p>\n<p><em>Petroselinum crispum <\/em>\u2013 Recurso fitogen\u00e9tico<\/p>\n<p>Origen: Es Maiol, Art\u00e0, Mallorca.<\/p>\n<p>Tambi\u00e9n disponemos de semilla a granel, para pedidos: comandos variedades local@gmail.com \/ 623 250 278 \/ 693 066 858<\/p>","protected":false},"excerpt":{"rendered":"<p><strong>Calendario de siembra Perejil mallorqu\u00edn<\/strong><\/p>\n<p><img decoding=\"async\" class=\"alignnone size-full wp-image-7417\" src=\"https:\/\/www.varietatslocals.org\/wp-content\/uploads\/2024\/02\/Disseny-sense-titol-32.jpg\" alt=\"\" width=\"425\" height=\"100\" srcset=\"https:\/\/varietatslocals.org\/wp-content\/uploads\/2024\/02\/Disseny-sense-titol-32.jpg 425w, https:\/\/varietatslocals.org\/wp-content\/uploads\/2024\/02\/Disseny-sense-titol-32-18x4.jpg 18w\" sizes=\"(max-width: 425px) 100vw, 425px\" \/><\/p>\n<p><strong>Leyenda<\/strong><\/p>\n<p><img decoding=\"async\" class=\"alignnone size-full wp-image-7215\" src=\"https:\/\/www.varietatslocals.org\/wp-content\/uploads\/2024\/02\/Llegenda-varietats-locals-475-x-50-px.png\" alt=\"\" width=\"475\" height=\"50\" srcset=\"https:\/\/varietatslocals.org\/wp-content\/uploads\/2024\/02\/Llegenda-varietats-locals-475-x-50-px.png 475w, https:\/\/varietatslocals.org\/wp-content\/uploads\/2024\/02\/Llegenda-varietats-locals-475-x-50-px-18x2.png 18w\" sizes=\"(max-width: 475px) 100vw, 475px\" \/><\/p>","protected":false},"featured_media":2951,"template":"","meta":{"_joinchat":[]},"product_brand":[],"product_cat":[46,51],"product_tag":[],"class_list":{"0":"post-2950","1":"product","2":"type-product","3":"status-publish","4":"has-post-thumbnail","6":"product_cat-hivern","7":"product_cat-flors-i-aromatiques","9":"first","10":"instock","11":"taxable","12":"shipping-taxable","13":"purchasable","14":"product-type-simple"},"_links":{"self":[{"href":"https:\/\/varietatslocals.org\/es\/wp-json\/wp\/v2\/product\/2950","targetHints":{"allow":["GET"]}}],"collection":[{"href":"https:\/\/varietatslocals.org\/es\/wp-json\/wp\/v2\/product"}],"about":[{"href":"https:\/\/varietatslocals.org\/es\/wp-json\/wp\/v2\/types\/product"}],"wp:featuredmedia":[{"embeddable":true,"href":"https:\/\/varietatslocals.org\/es\/wp-json\/wp\/v2\/media\/2951"}],"wp:attachment":[{"href":"https:\/\/varietatslocals.org\/es\/wp-json\/wp\/v2\/media?parent=2950"}],"wp:term":[{"taxonomy":"product_brand","embeddable":true,"href":"https:\/\/varietatslocals.org\/es\/wp-json\/wp\/v2\/product_brand?post=2950"},{"taxonomy":"product_cat","embeddable":true,"href":"https:\/\/varietatslocals.org\/es\/wp-json\/wp\/v2\/product_cat?post=2950"},{"taxonomy":"product_tag","embeddable":true,"href":"https:\/\/varietatslocals.org\/es\/wp-json\/wp\/v2\/product_tag?post=2950"}],"curies":[{"name":"wp","href":"https:\/\/api.w.org\/{rel}","templated":true}]}}

Perejil mallorquín

<p><strong>¿Cómo es?</strong></p>
<p>El <strong>Perejil mallorquín</strong> tiene la hoja pequeña y terminada en punta. Tiene muchas cualidades organolépticas. Se utiliza en la cocina como planta aromática.</p>
<p><strong>¿Cuándo y cómo se siembra?</strong></p>
<p>Se<strong> siembra en paradas o enjambres desde mediados de agosto hasta mediados de febrero</strong>.</p>
<p><strong>¿Qué cantidad de semilla hay en el sobre?</strong></p>
<p><strong>Peso del sobre</strong>: 1,3 g. Aproximadamente 565 unidades.</p>
<p><em>Petroselinum crispum </em>– Recurso fitogenético</p>
<p>Origen: Es Maiol, Artà, Mallorca.</p>
<p>También disponemos de semilla a granel, para pedidos: comandos variedades local@gmail.com / 623 250 278 / 693 066 858</p>

<p><strong>Calendario de siembra Perejil mallorquín</strong></p>
<p><img decoding="async" class="alignnone size-full wp-image-7417" src="https://www.varietatslocals.org/wp-content/uploads/2024/02/Disseny-sense-titol-32.jpg" alt="" width="425" height="100" srcset="https://varietatslocals.org/wp-content/uploads/2024/02/Disseny-sense-titol-32.jpg 425w, https://varietatslocals.org/wp-content/uploads/2024/02/Disseny-sense-titol-32-18x4.jpg 18w" sizes="(max-width: 425px) 100vw, 425px" /></p>
<p><strong>Leyenda</strong></p>
<p><img decoding="async" class="alignnone size-full wp-image-7215" src="https://www.varietatslocals.org/wp-content/uploads/2024/02/Llegenda-varietats-locals-475-x-50-px.png" alt="" width="475" height="50" srcset="https://varietatslocals.org/wp-content/uploads/2024/02/Llegenda-varietats-locals-475-x-50-px.png 475w, https://varietatslocals.org/wp-content/uploads/2024/02/Llegenda-varietats-locals-475-x-50-px-18x2.png 18w" sizes="(max-width: 475px) 100vw, 475px" /></p>
