{"id":3118,"date":"2024-02-01T00:09:57","date_gmt":"2024-01-31T23:09:57","guid":{"rendered":"https:\/\/enricoriolc13.sg-host.com\/producte\/favo-mallorqui\/"},"modified":"2025-09-11T17:10:38","modified_gmt":"2025-09-11T15:10:38","slug":"favo-mallorqui","status":"publish","type":"product","link":"https:\/\/varietatslocals.org\/es\/producte\/favo-mallorqui\/","title":{"rendered":"Hab\u00f3n mallorqu\u00edn"},"content":{"rendered":"<p><strong>\u00bfC\u00f3mo es?<\/strong><\/p>\n<p>El <strong>Hab\u00f3n mallorqu\u00edn<\/strong> es un favo peque\u00f1o y blanquecino, destinado para consumo animal, entero o en harina, pero tambi\u00e9n es muy bueno para consumo humano (tanto seco, por haba parada, como tierno). Tambi\u00e9n se hace abono verde y es bueno como cultivo de rotaci\u00f3n.<\/p>\n<p><strong>\u00bfCu\u00e1ndo y c\u00f3mo se siembra?<\/strong><\/p>\n<p>Se puede <strong>sembrar entre septiembre y noviembre<\/strong>, para cosechar en julio y agosto. Por abono en verde se incorpora en plena floraci\u00f3n (abril-mayo). La siembra es directa a una profundidad de unos 2-3 cm y una <strong>distancia entre plantas de 10-15 cm y 25-30 cm entre filas.<\/strong><\/p>\n<p><strong>\u00bfQu\u00e9 cantidad de semilla hay en el sobre?<\/strong><\/p>\n<p><strong>Peso del sobre<\/strong>: 1.000 g. Aproximadamente 1.940 unidades.<\/p>\n<p><strong>\u00bfDurante cu\u00e1nto tiempo se podr\u00e1 sembrar esta semilla?<\/strong><\/p>\n<p>Viabilidad de la semilla: 4-10 a\u00f1os. Superan los 4 a\u00f1os si se almacenan con poca humedad ya temperatura constante.<\/p>\n<p><em>Vicia faba <\/em>ssp.<em> equina \u2013 <\/em>Variedad registrada<\/p>\n<p>Origen: Sa Bastida, Porreres, Mallorca.<\/p>","protected":false},"excerpt":{"rendered":"<p><strong>Calendario de siembra Fav\u00f3 mallorqu\u00edn<\/strong><\/p>\n<p><img decoding=\"async\" class=\"alignnone size-full wp-image-7416\" src=\"https:\/\/www.varietatslocals.org\/wp-content\/uploads\/2024\/02\/Disseny-sense-titol-31.jpg\" alt=\"\" width=\"425\" height=\"100\" srcset=\"https:\/\/varietatslocals.org\/wp-content\/uploads\/2024\/02\/Disseny-sense-titol-31.jpg 425w, https:\/\/varietatslocals.org\/wp-content\/uploads\/2024\/02\/Disseny-sense-titol-31-18x4.jpg 18w\" sizes=\"(max-width: 425px) 100vw, 425px\" \/><\/p>\n<p><strong>Leyenda<\/strong><\/p>\n<p><img decoding=\"async\" class=\"alignnone size-full wp-image-7215\" src=\"https:\/\/www.varietatslocals.org\/wp-content\/uploads\/2024\/02\/Llegenda-varietats-locals-475-x-50-px.png\" alt=\"\" width=\"475\" height=\"50\" srcset=\"https:\/\/varietatslocals.org\/wp-content\/uploads\/2024\/02\/Llegenda-varietats-locals-475-x-50-px.png 475w, https:\/\/varietatslocals.org\/wp-content\/uploads\/2024\/02\/Llegenda-varietats-locals-475-x-50-px-18x2.png 18w\" sizes=\"(max-width: 475px) 100vw, 475px\" \/><\/p>","protected":false},"featured_media":2496,"template":"","meta":{"_joinchat":[]},"product_brand":[],"product_cat":[46,50],"product_tag":[],"class_list":{"0":"post-3118","1":"product","2":"type-product","3":"status-publish","4":"has-post-thumbnail","6":"product_cat-hivern","7":"product_cat-llegums","9":"first","10":"outofstock","11":"taxable","12":"shipping-taxable","13":"purchasable","14":"product-type-simple"},"_links":{"self":[{"href":"https:\/\/varietatslocals.org\/es\/wp-json\/wp\/v2\/product\/3118","targetHints":{"allow":["GET"]}}],"collection":[{"href":"https:\/\/varietatslocals.org\/es\/wp-json\/wp\/v2\/product"}],"about":[{"href":"https:\/\/varietatslocals.org\/es\/wp-json\/wp\/v2\/types\/product"}],"wp:featuredmedia":[{"embeddable":true,"href":"https:\/\/varietatslocals.org\/es\/wp-json\/wp\/v2\/media\/2496"}],"wp:attachment":[{"href":"https:\/\/varietatslocals.org\/es\/wp-json\/wp\/v2\/media?parent=3118"}],"wp:term":[{"taxonomy":"product_brand","embeddable":true,"href":"https:\/\/varietatslocals.org\/es\/wp-json\/wp\/v2\/product_brand?post=3118"},{"taxonomy":"product_cat","embeddable":true,"href":"https:\/\/varietatslocals.org\/es\/wp-json\/wp\/v2\/product_cat?post=3118"},{"taxonomy":"product_tag","embeddable":true,"href":"https:\/\/varietatslocals.org\/es\/wp-json\/wp\/v2\/product_tag?post=3118"}],"curies":[{"name":"wp","href":"https:\/\/api.w.org\/{rel}","templated":true}]}}

Habón mallorquín

<p><strong>¿Cómo es?</strong></p>
<p>El <strong>Habón mallorquín</strong> es un favo pequeño y blanquecino, destinado para consumo animal, entero o en harina, pero también es muy bueno para consumo humano (tanto seco, por haba parada, como tierno). También se hace abono verde y es bueno como cultivo de rotación.</p>
<p><strong>¿Cuándo y cómo se siembra?</strong></p>
<p>Se puede <strong>sembrar entre septiembre y noviembre</strong>, para cosechar en julio y agosto. Por abono en verde se incorpora en plena floración (abril-mayo). La siembra es directa a una profundidad de unos 2-3 cm y una <strong>distancia entre plantas de 10-15 cm y 25-30 cm entre filas.</strong></p>
<p><strong>¿Qué cantidad de semilla hay en el sobre?</strong></p>
<p><strong>Peso del sobre</strong>: 1.000 g. Aproximadamente 1.940 unidades.</p>
<p><strong>¿Durante cuánto tiempo se podrá sembrar esta semilla?</strong></p>
<p>Viabilidad de la semilla: 4-10 años. Superan los 4 años si se almacenan con poca humedad ya temperatura constante.</p>
<p><em>Vicia faba </em>ssp.<em> equina – </em>Variedad registrada</p>
<p>Origen: Sa Bastida, Porreres, Mallorca.</p>

<p><strong>Calendario de siembra Favó mallorquín</strong></p>
<p><img decoding="async" class="alignnone size-full wp-image-7416" src="https://www.varietatslocals.org/wp-content/uploads/2024/02/Disseny-sense-titol-31.jpg" alt="" width="425" height="100" srcset="https://varietatslocals.org/wp-content/uploads/2024/02/Disseny-sense-titol-31.jpg 425w, https://varietatslocals.org/wp-content/uploads/2024/02/Disseny-sense-titol-31-18x4.jpg 18w" sizes="(max-width: 425px) 100vw, 425px" /></p>
<p><strong>Leyenda</strong></p>
<p><img decoding="async" class="alignnone size-full wp-image-7215" src="https://www.varietatslocals.org/wp-content/uploads/2024/02/Llegenda-varietats-locals-475-x-50-px.png" alt="" width="475" height="50" srcset="https://varietatslocals.org/wp-content/uploads/2024/02/Llegenda-varietats-locals-475-x-50-px.png 475w, https://varietatslocals.org/wp-content/uploads/2024/02/Llegenda-varietats-locals-475-x-50-px-18x2.png 18w" sizes="(max-width: 475px) 100vw, 475px" /></p>
